 be (-4)/((-16)/20 + 0). Suppose 83 = n*w - 47. Calculate the remainder when w is divided by 9.
8
Suppose 0 = -o + 5*t - 0*t + 24, t + 100 = 3*o. Suppose 0*c + c = o. Calculate the remainder when c is divided by (-2)/(-3) + (-19)/(-3).
6
Calculate the remainder when 110 is divided by ((-3)/12*-26)/((-3)/(-6)).
6
Let b be 0/(-3)*2/4. Suppose -p + 148 = 5*y, -2*y + 3*p + 21 + 28 = b. What is the remainder when y is divided by 6?
5
Let t(v) = -2*v**3 + v**2 + v + 1. Let h be (-1 - 3)/1*-10. What is the remainder when (-20)/(-6)*420/h is divided by t(-2)?
16
Calculate the remainder when 154 is divided by -4*53/(-1)*(-8)/(-32).
48
Let h(a) = 3*a + 17. Let i be h(-4). Suppose -148 = -i*n + n. Calculate the remainder when 145 is divided by n.
34
Let w(c) = c + 24. What is the remainder when 235 is divided by w(-7)?
14
What is the remainder when -10 + (-390)/(-40) - (-637)/4 is divided by 32?
31
Let h = 2956 + -2914. Calculate the remainder when 290 is divided by h.
38
Calculate the remainder when 7 is divided by -1 - 24/(-10) - 146/365.
0
Let m = -161 - -110. Let z = -32 - m. What is the remainder when 31 is divided by z?
12
Let z be (3 - (1 + 3))*-1*2. Suppose -h - 106 = -6*h - z*v, -2*h + 25 = -5*v. Calculate the remainder when h is divided by 9.
2
Let b be (-1)/((-16)/508) - 6/(-24). What is the remainder when 3 - (1 - b/2) is divided by 10?
8
Suppose -4*p - 5 = 7, 3577 = -2*u - 3*p. Let z be 2/(-15) - u/(-120). Let f = z + 32. What is the remainder when f is divided by 6?
5
Let q be (-2 + (1 - -3))*24. Suppose -6*u = -210 - q. What is the remainder when u is divided by 9?
7
Suppose 216 = 7*d + d. Calculate the remainder when (9/d)/(3/27) is divided by 2.
1
Let c(g) = 30*g - 35. Suppose 2*j + 2*k - 100 = 0, -2*j = -3*k - 127 + 47. What is the remainder when j is divided by c(2)?
21
Let i be (-310)/(-75) - (-4)/(-30). Let h be 7*i/(2 + 2). Suppose -h*r = -3*r - 88. What is the remainder when r is divided by 6?
4
Let q = 745 + -417. Calculate the remainder when q is divided by 66.
64
Suppose -5*n + 62 = z, -12*z - 2 = n - 7*z. What is the remainder when 62 is divided by n?
10
Suppose 5*g = 961 + 174. Calculate the remainder when g is divided by 48.
35
Suppose 0 = -15*s + 5*s + 460. What is the remainder when 160 is divided by s?
22
Suppose -205 = -8*q + 115. What is the remainder when 153 is divided by q?
33
Suppose 5*q - 63 = -2*u + 115, 4*u - 308 = 2*q. Calculate the remainder when u is divided by 27.
25
Suppose 5*c + 5*r = -10, 0*c = -2*c + 3*r + 11. Suppose -2*g = -2*l + 2, -3*g + c = -4*l + 9. What is the remainder when (-97)/(-4) + 2/(-8) is divided by l?
4
Suppose 4*q = -5*y + 297 - 76, 2*q - 106 = -4*y. Let o = q + -32. Calculate the remainder when o is divided by (-4)/(-2)*6 - 2.
7
Let w = -136 + 354. Calculate the remainder when w is divided by 45.
38
Suppose g = 3*g - h - 53, 0 = -2*g + 3*h + 43. Suppose -4*x + 502 + 266 = 0. Suppose 50*c - 38*c = x. What is the remainder when g is divided by c?
13
Let f(t) = 2*t**2 + 19*t - 10. Let a be f(-10). Suppose 5*r + a*r - 120 = 0. Calculate the remainder when r is divided by 14.
10
Let r(g) = -g + 43. What is the remainder when 28 is divided by r(37)?
4
Let c = -240 + 276. Calculate the remainder when c is divided by 19.
17
Let b = -792 - -808. Calculate the remainder when (1 - (-2)/(-3))*279 is divided by b.
13
Let c = 197 - 193. Calculate the remainder when 20 is divided by c.
0
Suppose -6 = -3*s - 3*d, -4*s + d + 16 - 3 = 0. Let u = 33 - 15. What is the remainder when u is divided by s?
0
Suppose 2*d + 60 = 6*d. Let k = -16 - -25. Suppose 18 = 12*u - k*u. Calculate the remainder when d is divided by u.
3
Suppose b + 6 = f - 2*f, -21 = 4*b + 3*f. Calculate the remainder when 13 + 10 + b/3 is divided by 5.
2
Calculate the remainder when 109 is divided by (87/(-6))/(7/(-14)*1).
22
Let q(w) = 307*w**2 + 3*w - 6. Calculate the remainder when q(1) is divided by 80.
64
Let u = 0 + 2. What is the remainder when (u/(-4))/(3/(-138)) is divided by 6?
5
Let y(u) = 5*u + 8. Suppose -4*w = 8, 4*v - 5*v + 14 = -2*w. Calculate the remainder when y(8) is divided by v.
8
Let d = 214 - 107. Suppose -2*o - 17 = 4*m - 101, -2*o + d = 5*m. Let x = -232 + 245. What is the remainder when m is divided by x?
10
Suppose 31*z = -0*z + 961. Let w(d) = 4*d**2 + 1. What is the remainder when z is divided by w(2)?
14
Suppose -2*z + 6*z + 22 = -3*l, 14 = -4*z + l. Let u(k) = 4*k**2 + 15*k + 5. What is the remainder when 34 is divided by u(z)?
7
Let s = 79 + -39. Suppose -8*c - s = -13*c. Calculate the remainder when 28 is divided by c.
4
Calculate the remainder when 100 is divided by (-68)/(-3 - (-1)/(-1)).
15
Suppose 0 = 31*l - 12*l - 646. What is the remainder when 116 is divided by l?
14
Let q = 1275 - 804. Calculate the remainder when q is divided by 17.
12
Suppose o = 4*t - 152 - 136, -2*t + 162 = 4*o. Suppose t + 47 = 5*k. What is the remainder when k is divided by 9?
6
Suppose 34 = -4*u - 66. Let b = -12 - u. Let t(d) = -5*d - 2. Calculate the remainder when t(-8) is divided by b.
12
Let p(x) = -x**3 + 11*x**2 - 6*x - 27. What is the remainder when p(9) is divided by 24?
9
Suppose -2*f - 7*q + 10*q + 79 = 0, -29 = -f - 2*q. What is the remainder when 348 is divided by f?
33
Suppose -2 = -8*q + 6. Let h = 11 - q. What is the remainder when h is divided by 1*1/(2/6)?
1
Let h = 139 - 64. Let d = 177 + -164. Calculate the remainder when h is divided by d.
10
Let m(a) = 10*a + 17. Let y be m(-8). Calculate the remainder when (-816)/(-14) - (-18)/y is divided by 20.
18
Suppose 5*r = -2*r + 301. Calculate the remainder when 101 is divided by r.
15
Suppose -3*p - 19 = -52. Let q(x) = 18*x - 5. What is the remainder when q(2) is divided by p?
9
Let x = 34 - -43. Suppose 132 = c + 3*a - 12, 5*a = 3*c - 488. Suppose 2*k + c = 8*k. What is the remainder when x is divided by k?
25
Let o(i) = i**3 - 9*i**2 + 2*i - 1. Let l be o(8). Let y = l - -134. Suppose -k + 19 = -3. Calculate the remainder when y is divided by k.
19
Suppose -3*o - 95 = -227. Suppose 5*h = 2*s + 25 - 71, -2*h = 4*s - o. What is the remainder when 36 is divided by s?
10
Let o = 103 - 95. Suppose o = 3*u - 49. What is the remainder when 188 is divided by u?
17
Suppose 22*z - 16*z = 918. What is the remainder when z is divided by 14?
13
Let g(v) = 24*v + 15. Calculate the remainder when g(8) is divided by 70.
67
Suppose 3*t + 2*y = 8, -3*t = -2*y - 0*y - 4. Suppose -m - 2 = 0, -2*m = g - 6 - t. Calculate the remainder when g is divided by 5.
2
Suppose -g + s = -10, 0 = -5*g - 0*s - 4*s + 5. Suppose -78 = -g*l - q, -4*q - 4 = 3*l - 61. What is the remainder when l is divided by 3?
0
Let x be 4 + 6/(-9)*6. Suppose x = -2*z + 5*k + 53, -48 = -2*z + k + 17. Let t = -13 - -26. What is the remainder when z is divided by t?
8
Let f(m) = -5*m**2 + 4*m - 21. Let u be f(6). Let s = 256 + u. What is the remainder when s is divided by 9?
7
Let i = 17 - 13. Suppose -m + i - 19 = 0. Let l = -7 - m. Calculate the remainder when 13 is divided by l.
5
Suppose 5*g = 15, -l - 3*g = 2*g - 50. Suppose 4*o - l - 37 = 0. Calculate the remainder when 35 is divided by o.
17
Let f(u) = -18*u - 24. Let r be f(12). Calculate the remainder when ((-4)/10)/(8/r) is divided by 7.
5
Suppose -2 - 38 = -4*s. Suppose -18 - s = -4*t. What is the remainder when t is divided by 5?
2
Suppose 0 = -r + 226 - 184. Calculate the remainder when 44 is divided by r.
2
Suppose 23 = -k - 3*r, 0*k + 3*k = -r - 61. Suppose 0 = -0*h + h + 16. Let t = h - k. Calculate the remainder when 13 is divided by t.
1
Calculate the remainder when 92 is divided by (5 + 58/(-12))*498.
9
Let n be (-454)/8 + 11/(-44). Let c = 12 - n. What is the remainder when c is divided by 24?
21
Let u be (-94)/(-1)*8/16. Suppose 108 = 5*m - u. What is the remainder when m is divided by (-3 + 7)/((-1)/(-4))?
15
Suppose -2*y + u = -120, 2*y - 67 = 3*u + 49. What is the remainder when 548 is divided by y?
60
Suppose 30*t = 20*t + 310. Calculate the remainder when 75 is divided by t.
13
Let h(m) = 3*m**3 + 5*m**2 - m + 3. Let b be h(-4). Let q = 109 - b. Calculate the remainder when q is divided by 36.
34
Let g(p) = 19*p**2 + 31*p - 5. What is the remainder when 518 is divided by g(2)?
119
Suppose -3*y - 14 = -4*p + 38, 87 = -3*y - 3*p. Let 